are the prime factors of w?
41
Suppose 0*g - 5*g - 5*l - 5 = 0, -5*l - 5 = 0. Suppose g = -q + 2*q - 3. Suppose 3*a = -2*w, 2*w - 42 = -q*w + 3*a. What are the prime factors of w?
2, 3
Suppose 2*n - 7 = x + 72, -n = -5*x - 26. What are the prime factors of n?
41
Let y(h) = -11*h. Let q(n) = n**2 + 9*n + 7. Let t be q(-8). What are the prime factors of y(t)?
11
Let j be 4 + (-14 - (-6 + 3)). List the prime factors of -3 + j/(7/(-9)).
2, 3
Let g(t) = t**3 + 6*t**2 - 6. Let m be g(-6). Let q be (-26)/(-3) + 4/m. Let s(i) = i - 2. What are the prime factors of s(q)?
2, 3
Suppose -2*k - u - 1 - 4 = 0, 4*k + 5*u = -25. Suppose -5*t - n - 6 + 71 = k, 46 = 4*t + 2*n. List the prime factors of t.
2, 7
Let w = -11 + 2. Let r be (-4)/18 - 767/w. Suppose -c - 4*c = -r. What are the prime factors of c?
17
Suppose v - 135 - 436 = -3*f, -5*f - 4*v + 947 = 0. List the prime factors of f.
191
Suppose -4*h - 143 - 11 = -3*t, -5*h - 66 = -t. Let v be 2/3 - (-10)/3. Suppose 2*a - 3*u = 17, t = -2*a + 7*a - v*u. What are the prime factors of a?
2, 5
Suppose -35 = 5*w - 0*w. Let s = 10 + -14. Let b = s - w. What are the prime factors of b?
3
Let y(i) = -4*i + 5. Let b(z) = -7*z + 10. Let p(u) = -3*b(u) + 5*y(u). Let l be p(-6). Let s = l + 26. List the prime factors of s.
3, 5
Let o = 8 - 4. List the prime factors of o.
2
Let i(a) = -a**2 + 10*a + 3. Suppose -7 + 2 = p + 3*x, 0 = 4*p + x - 35. List the prime factors of i(p).
3
Let d = -18 - -11. Let l be (-2)/3*(-1 - d). What are the prime factors of (-7)/(-3)*(-12)/l?
7
Let g(w) = -40*w + 3. List the prime factors of g(-2).
83
Let c(q) = -q**2 - 5*q - 5. Let j(w) = -w. Let s be 3/(-3) + 5 - 3. Let t(m) = s*c(m) + j(m). List the prime factors of t(-4).
3
Suppose -2*a - 32 = -2*k, -2*a = -2*k - 4*a + 52. What are the prime factors of k?
3, 7
Let x(d) = d**2 - 3*d + 1. Let h be x(2). Let j be 4*(3 + (h - 0)). Suppose -3*q - j = -5*q. List the prime factors of q.
2
Let w(s) = 14*s - 51. List the prime factors of w(18).
3, 67
Suppose -1 - 1 = u. List the prime factors of (u - -8)/(3/2).
2
Suppose 0*w + 29 = w. What are the prime factors of w?
29
Let i(y) = y**2 - 7*y + 3. Let o be i(7). Let t = 1 + o. List the prime factors of t.
2
Let p(m) = m**2 + 17*m - 10. What are the prime factors of p(-23)?
2
Let b be (-2)/(-11) - (-42)/11. Let l(f) = -f + b*f + 7*f + 3 - f - f**2. What are the prime factors of l(7)?
17
Let d be 2/(-4)*(-373 + -3). Suppose 5*f = 3*f + d. What are the prime factors of f/6 + (-6)/9?
3, 5
Let l = 6 + -5. Let o be l*(37 + 1) - 0. Suppose 4*n - o = 2*f - 12, -5*n = 2*f - 19. List the prime factors of n.
5
Let u(s) = -24*s - 30. List the prime factors of u(-7).
2, 3, 23
Let r be (63/(-15))/((-4)/20). Suppose 4*o - r = 15. List the prime factors of o.
3
Let n(r) = r**3 + 5*r**2 + r + 2. Suppose 0 = 8*y - 4*y - 3*w - 79, 2*w = 4*y - 74. Suppose -2*k - 2*v = 0, 3*v = 5*k - 4*k + y. List the prime factors of n(k).
2, 7
Suppose 2*n - 4*n = -4. Suppose -n = v - 13. What are the prime factors of v?
11
Let r(j) be the second derivative of -5/6*j**3 + 1/12*j**4 + 2*j**2 + 0 - 2*j. List the prime factors of r(6).
2, 5
Let j(n) = -n - n - 1 + 5*n + n. What are the prime factors of j(3)?
11
Let t = 158 + -75. What are the prime factors of t?
83
Let z(m) = -m**2 - 16*m + 2. What are the prime factors of z(-16)?
2
Let j(h) be the second derivative of 11*h**3/6 + h**2/2 - h. Let k(d) = d - 1. Let w be k(2). What are the prime factors of j(w)?
2, 3
Let v(m) = -m + 2. List the prime factors of v(-8).
2, 5
Let c = -13 + 17. Suppose -26 = -c*s + 10. List the prime factors of s.
3
Suppose 0 = -c + 9 - 3. Suppose y + y = c. What are the prime factors of (-2)/y + 44/12?
3
Suppose 8 = 5*u - 2. List the prime factors of (u - 0) + 0/3.
2
Suppose 0 = 4*q - 19 + 7. What are the prime factors of q?
3
Let s = 129 + -89. Suppose 3*v = -v + 4*c + s, -8 = -v + 3*c. List the prime factors of v.
11
Let n(q) = -q**3 + 3*q**2 + 6*q - 6. Let y be n(4). Suppose y*v + 3*v = 20. What are the prime factors of v?
2
Let o(j) be the first derivative of j**6/360 - j**5/30 + 7*j**4/24 - j**3/3 - 2. Let b(a) be the third derivative of o(a). List the prime factors of b(6).
19
Let d(m) be the second derivative of m**5/20 + m**4/3 - m**3 - m**2/2 + 3*m. What are the prime factors of d(-5)?
2
Let k(x) = -x**3 - 9*x**2 + 8*x - 9. Suppose 0 = 3*w - 8*w - 3*t + 1, 3*t + 19 = 5*w. Suppose 18 + w = -2*c. List the prime factors of k(c).
11
Let w(d) = 0*d**2 + 4*d + 7*d + d**2 + 8. List the prime factors of w(-12).
2, 5
Let k(b) = 3*b + 5. Let x be k(5). Suppose 4*y + 8 = x. Suppose -5*o + 24 + 21 = -5*z, 0 = 3*o + y*z + 3. List the prime factors of o.
2
Let l = 2 + -1. Suppose -15 = -b + l. What are the prime factors of b?
2
Let j = 22 - 17. Suppose -j*w + 3 + 27 = 0. What are the prime factors of w?
2, 3
Let r be (-38)/(-9) + (-8)/36. Let v(g) = 6*g - 5. What are the prime factors of v(r)?
19
List the prime factors of (0 + -1)*3 - -88.
5, 17
Let v(r) = r**2 + 6*r - 11. Let y be v(-8). Let q(l) = l**2 - 6*l + 4. Let i be q(y). Let o = 1 - i. List the prime factors of o.
2
Let y(b) = -11*b + 1. Let h be y(-1). Suppose -2*k + h = -2. List the prime factors of k.
7
Suppose h = -5*l, l - 5*h = -2*h - 16. Let x(k) = -29*k**3 + k**2 + 2*k + 1. List the prime factors of x(l).
29
Let n be (4/5)/(2/55). Let c = n - 13. List the prime factors of c.
3
Suppose 5*d - 11*d = -12. List the prime factors of d.
2
Let m(l) = l**3 + 10*l**2 + 7*l - 3. Suppose 6 + 2 = -u. Let y be ((-24)/u)/((-2)/6). What are the prime factors of m(y)?
3, 5
Suppose 6*v - v = 20. Suppose -3*k = p - 4*k - 36, -v*k + 122 = 3*p. What are the prime factors of p?
2, 19
List the prime factors of (3/(-2))/(1/(-42)).
3, 7
Let c be 1*160*2/4. Suppose -2*k = -4*b + 76 + 4, -4*b - 5*k = -c. List the prime factors of b.
2, 5
Suppose 0 = -5*p + 2*h + 1331, -502 = -5*p - 2*h + 837. What are the prime factors of p?
3, 89
List the prime factors of (-15626)/(-195) + (-2)/15.
2, 5
Suppose -21 - 59 = -4*x. Suppose -t + x = t. List the prime factors of t.
2, 5
Let i = 54 - 32. Let k = -8 + i. List the prime factors of k.
2, 7
Let m = -28 + 27. Suppose -2*q + 4 = 0, 3*q = 5*p + 4*q - 127. What are the prime factors of p/2 - m/(-2)?
2, 3
Suppose -3 = -r + 6. List the prime factors of (-9 - -12) + r + 1.
13
Let h(b) = -b**3 + 5*b**2 - b - 1. Let r(a) = a**2 - 9*a - 6. Let y be r(10). What are the prime factors of h(y)?
11
Let q = 40 - 56. List the prime factors of ((-4)/(-6))/(q/(-72)).
3
Let z be (-4)/(-6) + 516/9. Suppose 0 = 4*j - 2*h - z, -3*j - 3*h = -0*j - 39. List the prime factors of j.
2, 7
Suppose -2*u - 31 = -j + 2*u, 0 = 2*j + 4*u - 62. List the prime factors of j.
31
Suppose -61 = -4*d + 5*n + 55, -58 = -2*d + 3*n. Let o(b) = 21*b**3 + 2*b**2 + b. Let k be o(-1). Let g = k + d. List the prime factors of g.
3
Suppose -19 - 20 = -3*j. Suppose -5*f + 89 = k, 3*f - j = 2*f - 5*k. What are the prime factors of f?
2, 3
Suppose 0 = m - 2*m + 3*u + 266, -3*m + 4*u = -788. What are the prime factors of m?
2, 5, 13
What are the prime factors of ((-11)/33)/(1/(-33))?
11
Let s = -22 - -26. Suppose 3*m + s*v = 107, -2*m + 7*v + 98 = 3*v. List the prime factors of m.
41
Let m(t) = 2*t**3 + 1. Let p be m(1). Let q(w) = -10*w**3 + 2*w + 1. Let z be q(-1). What are the prime factors of 60/z*p/2?
2, 5
Let q(v) = -v**3 - 12*v**2 + 9*v - 12. Let g be 2*39/(-12)*2. List the prime factors of q(g).
2, 5
Let z be 2/8 + 45/12. Suppose -5*v + v + 20 = 0. Suppose -z*u + 21 = v. What are the prime factors of u?
2
Let m = 36 + -12. Suppose 0*n + 2*n - m = 0. What are the prime factors of n?
2, 3
Let k(p) = 25*p + 13. What are the prime factors of k(4)?
113
Let w = 5 + 0. Suppose w*x + 17 - 177 = 0. Suppose -4 + 10 = 3*t + 2*n, 0 = 5*t - 4*n - x. What are the prime factors of t?
2
Let p(i) = -2*i**3 + i**2 + 3*i + 2. Suppose -3*x = -2*x + 5*y + 29, -2*x = -4*y - 12. Let k be (-1)/4 - (-7)/x. List the prime factors of p(k).
2
Let b(a) = a**2 - 14*a + 20. What are the prime factors of b(-7)?
167
Let y(m) = -3*m - 12. Let f be y(-5). Let c(g) = g**3. What are the prime factors of c(f)?
3
Suppose 58*l + 496 = 62*l. List the prime factors of l.
2, 31
Let z(f) = f**2 + 6*f - 3. What are the prime factors of z(-8)?
13
Let v = -37 + 76.